v - n. List the prime factors of g.
2, 3
What are the prime factors of 2 - 2*62/(-4)?
3, 11
Suppose -10 = -5*v - 0*v. Let o = 5 + v. List the prime factors of o.
7
Let w = -32 - -52. List the prime factors of w.
2, 5
Suppose g - 5 = 0, 0 = -3*y + 2*y - 4*g + 273. What are the prime factors of y?
11, 23
Let q(c) = -c**3 - 5*c**2 - 6*c - 9. List the prime factors of q(-6).
3, 7
Suppose 5*d - 206 = -41. List the prime factors of d.
3, 11
Let d be 1 + 43*(5 - 2). Suppose -d = -8*b + 3*b. What are the prime factors of b?
2, 13
Let n(p) = -6*p**2 - 2 + 5 - 2*p**2 + p**3 - 1. List the prime factors of n(8).
2
Let a(t) = -t - 16. Let l be a(-8). Let g(y) = -4*y - 10. List the prime factors of g(l).
2, 11
Let f = 15 + -21. Let m be (4/6)/(4/f). Let d(o) = -12*o**3 - 2*o**2 + 1. What are the prime factors of d(m)?
11
Suppose 2*m = -2*f + 3 + 5, -4*m + 16 = -4*f. Suppose 0*r - 2*r = 4*y + 34, 5*y + 3*r + 43 = f. Let v = -6 - y. List the prime factors of v.
2
Suppose -5*p = -p + 12. Let t = 3 - p. Let c(y) = -y**3 + 6*y**2 + 2*y - 5. What are the prime factors of c(t)?
7
Suppose -n - 17 = 5*a + 3, n - 5*a = 20. Suppose -58 = -2*y - n. Let u = -20 + y. What are the prime factors of u?
3
Suppose 0 = 3*z + 3*u - 102, -3*z + 4*z = 4*u + 14. What are the prime factors of z?
2, 3, 5
Let c(m) = 2*m + 57. What are the prime factors of c(6)?
3, 23
Let f = 0 - -4. What are the prime factors of -1 + (38 - 8/f)?
5, 7
Let j(a) = a - 5. Let v be j(10). Let t = -4 + v. Suppose -u + 2 + t = 0. List the prime factors of u.
3
Let s = 14 + -8. Let h be (40/(-15))/(2/s). List the prime factors of 2/h - 17/(-4).
2
Suppose 4*q - 224 = -0*q + 5*d, 0 = -q + 2*d + 56. Let p = q - 40. What are the prime factors of p?
2
Suppose -2*n = d - 185, -3*d + 3*n + 555 = -n. List the prime factors of d.
5, 37
Let k(r) = 25*r**3 + r**2 - r + 1. Suppose 11 = 5*s - 2*h, h = -2*s - 2*s + 1. What are the prime factors of k(s)?
2, 13
Let q(n) = -n**2 + 7*n + 3. Let g be q(5). Suppose -3*s + g = m, -3*s = -4*m + 4 + 18. What are the prime factors of m?
7
Let o(v) = v**2 - 5*v. List the prime factors of o(9).
2, 3
Let t(d) = -5*d + 0*d + 2*d. Let h be t(1). List the prime factors of -1*h/(9/15).
5
Let j be 1 + 1/((-2)/(-2)). Let y(n) = 0*n**3 - 9*n**j + 0*n**3 - 7 + 7*n - n**3 + n**2. List the prime factors of y(-9).
11
Suppose -2*n + 2 = -0*n - 2*s, -n = -2*s. Let c be 0/(2/4*n). Suppose -2*k + 30 + 0 = c. List the prime factors of k.
3, 5
What are the prime factors of (43/(-215))/((-1)/905)?
181
Let t = -3 + 0. List the prime factors of (-42)/(-35)*(-40)/t.
2
Suppose 0 = 5*m - 4*q - 22, -m - 4*q - 18 = -4*m. List the prime factors of m/(-12) - 335/(-30).
11
Suppose -2*n = 2*n - 12. Suppose 5*r = o - 8 - 17, 3*o - 39 = -n*r. List the prime factors of o.
3, 5
Suppose -3*r + 9 = -2*g, 4*r - 19 = g - 2. List the prime factors of r.
5
Suppose 0 = 3*l - 1 + 25. Let r = 0 - l. What are the prime factors of r?
2
Let p be 1 - (-2 + 5/1). List the prime factors of ((-207)/36)/(p/8).
23
Suppose -26 = -2*n - 12. What are the prime factors of n?
7
What are the prime factors of (-8)/6*(-351)/18?
2, 13
Let s be 1 + -3 + 2 - -2. List the prime factors of 2 - (-7 + 1) - s.
2, 3
Suppose -6*g + 95 = -g. Let h = -15 + 5. Let n = h + g. What are the prime factors of n?
3
Suppose 2*a - 39 = 3*a. Let w = -21 - a. List the prime factors of w.
2, 3
Let f = 121 - 49. List the prime factors of f.
2, 3
Let b(y) = -y**3 + 9*y**2 - y + 11. Let j = -6 + 15. Let g be b(j). Suppose 5 = -3*u - 2*p + 46, 5*p = -g*u + 31. What are the prime factors of u?
13
Let v be (3/(-2) + 1)*-28. Let k = 20 - v. Let m = k + 0. What are the prime factors of m?
2, 3
Let v be 5/2 + (-1)/(-2). Let d be ((-48)/(-15))/(2/10). Suppose 3*j - 9 = 2*m + d, -4*j = v*m - 56. List the prime factors of j.
11
Suppose 2*u - 3*h - 126 - 115 = 0, 237 = 2*u + h. List the prime factors of u.
7, 17
Suppose n = 116 + 119. List the prime factors of n.
5, 47
Let j(z) = -5*z + 17. List the prime factors of j(-8).
3, 19
Suppose 2*b + 166 = 4*o, 4*o = 2*o - 5*b + 65. Suppose -3*q + q - 4*i = -42, -3*i - o = -5*q. List the prime factors of q.
11
Let a(d) = 2*d**3 + 2*d - 1. What are the prime factors of a(1)?
3
Let h(c) = -5*c + 12. Let j(y) = y**2 + 10*y + 15. Let s be j(-7). What are the prime factors of h(s)?
2, 3, 7
Suppose -8*o + 3*o = -5. Let q be -2 + (o + 6)*2. Suppose p - q = 2*l, -3 = -3*p - 2*l + 9. What are the prime factors of p?
2, 3
Suppose 5*k - 3*p - 928 = 0, 5*p = k - 198 + 8. What are the prime factors of k?
5, 37
Let q(d) = d**2 + 6*d - 4. Let c be q(-9). Let a = c - 13. Suppose -a - 10 = -2*n. List the prime factors of n.
2, 5
Suppose 2*d = 4*c - 354, 7*d = 5*c + 2*d - 445. List the prime factors of c.
2, 11
Let g be 2/4*(-22 - 0). Let o(u) = u**3 + u**2 + 6*u + 1. Let y(i) = 3*i**3 + 2*i**2 + 17*i + 3. Let l(f) = g*o(f) + 4*y(f). What are the prime factors of l(3)?
7
Let t(a) = a**2 - a - 3. List the prime factors of t(-6).
3, 13
Suppose -8 = f + 2*u, u = -0*f + 3*f + 10. Let h(k) = -1. Let y(z) = -13*z - 5. Let q(o) = f*h(o) + y(o). What are the prime factors of q(-1)?
2, 3
Suppose 0*y - 4*y + 308 = 0. What are the prime factors of y?
7, 11
Suppose o + 6 = 4*o. Suppose -x + 12 = -o*g, -x - 12 = g - 0. Let d(w) = w**3 + 7*w**2 - 9*w - 3. List the prime factors of d(g).
5
Let g be 20/6 + 4/6. Suppose 3*x + 9 = 0, -x + 0*x - 11 = -g*i. Suppose -i*h + 3 + 13 = 0. What are the prime factors of h?
2
Let c = 13 + -10. Let k(t) = t**2 - 2*t - 1. Let g be k(-1). Suppose -g*u + c*u = 12. List the prime factors of u.
2, 3
Let w = 8 + -6. Suppose s + u - 4 - 19 = 0, w*u = -3*s + 71. Suppose k - 7 - 13 = -3*n, -3*n = 2*k - s. List the prime factors of k.
5
Let i be (-8)/(-6)*12/8. Suppose 0 = -3*h, i*h + 0*h - 20 = -4*o. Suppose -o*z - 3 = -48. List the prime factors of z.
3
Let k be 12/(-8)*6/(-9). What are the prime factors of (7 - k)*2/4?
3
What are the prime factors of (-119)/(-21) + -5 + 1184/6?
2, 3, 11
Let t = 13 - 18. Let o be (-16)/(-5) + 1/t. What are the prime factors of (-13)/(-1) - (o + -2)?
2, 3
Suppose 3*f - 8 = 1. Suppose n - f = 9. What are the prime factors of n?
2, 3
Suppose -4*u = -3*u + 9. Let a = -2 - u. What are the prime factors of a?
7
Let b be (-40)/(-30) - (-2)/3. Let c be (-3)/b + (-546)/(-12). Let j = c - 22. What are the prime factors of j?
2, 11
Suppose 6 = -2*n - 10. What are the prime factors of n/(-1 - (-2)/4)?
2
Let l be (-7 - -3)/(1/(-12)). Suppose 5*p - 37 = l. Let s = 24 - p. List the prime factors of s.
7
List the prime factors of (12 - 1*(-3 + 0)) + -2.
13
Suppose 20 = 4*t - 0. Let g = 7 - t. List the prime factors of g/9 + (-115)/(-9).
13
Let u be 26/4 + (-3)/2. Let y = -198 - -92. What are the prime factors of y/(-10) + (-3)/u?
2, 5
Let m(n) = -n**2 + 6*n. Let o be m(5). Suppose -o*p = 4*a - 59, 2*a + 3*a - 3*p = 46. What are the prime factors of a?
11
Let f(v) = -v - 20. Let g be f(-16). Let p(h) = 10*h**2 + h. Let d be p(1). Let o = d + g. List the prime factors of o.
7
Suppose w = 2*r + 105, 3*w + 5*r - 162 = 142. What are the prime factors of w?
103
Let o(v) = 6*v**2 + 14*v + 11. What are the prime factors of o(-9)?
7, 53
Let u be (-3 - -5)/(3/3). Let l = 20 - u. What are the prime factors of l?
2, 3
Suppose 4*m - 213 = 3*s, -5*m - 4*s + 48 = -195. What are the prime factors of m?
3, 17
Suppose -4*j = -6 - 6. Suppose j = l - 0*l. Suppose m + 2*m - 21 = -4*g, 4*g = l*m + 3. What are the prime factors of m?
3
Let j(m) = m - 3. Let b be j(7). Suppose 0 = 2*o - o - b. What are the prime factors of o?
2
Let u = -7 - -10. Suppose u*p - 15 - 33 = 0. List the prime factors of p.
2
Let y(v) be the third derivative of -3*v**4/8 + v**3/6 + v**2. Let z be y(1). List the prime factors of -2*1 - (z - -2).
2
Let h be ((11 - -1) + -1)*-1. Let t(y) = 2*y**2 - 7*y + 7. Let p be t(5). Let u = p + h. What are the prime factors of u?
11
Suppose 0 = -8*t - 2*t + 910. List the prime factors of t.
7, 13
Let m = 7 - -31. List the prime factors of m.
2, 19
List the prime factors of (-6)/(196/104 + -2).
2, 13
Suppose 0 = 5*h - 70 - 125. List the prime factors of h.
3, 13
Let d be 150/4*20/15. Let q = -35 + d. List the prime factors of q.
3, 5
Let c(r) = -r - 1. Let i be c(-1). Suppose -4*a + 2*s = -8, i = 5*a - 4*s + s - 12. List the prim